t is the greatest common factor of 868 and n?
124
Let i(k) = -38*k - 1000. Let a be i(-50). What is the greatest common divisor of a and 18?
18
Let s = -3 - -33. Suppose 34*n = s*n + 88. Suppose 4*b + 5*d - 817 = 0, -3*b + 3*d = -4*b + 213. Calculate the highest common divisor of b and n.
22
Let j be (-33)/(-4) + 420/240. Suppose -r + 205 = 3*i, -j = r - 5. What is the greatest common divisor of 175 and i?
35
Let v = -5220 + 5245. Calculate the greatest common divisor of 17375 and v.
25
Let d = 387 - -1420. Calculate the highest common factor of d and 278.
139
Let k = 37980 - -15204. What is the greatest common factor of k and 64?
64
Let l be (24 - 14)/(-1 + 2). Let y = 20 + l. Calculate the greatest common divisor of 480 and y.
30
Let s be 25/15 - (-1)/3. Suppose k + 1242 = 2*x - s*k, 4*x - 2500 = 2*k. Calculate the highest common divisor of x and 57.
57
Let g(j) = -j**3 + 3*j**2 - 139*j - 1079. Let l be g(-7). What is the greatest common divisor of 1104 and l?
48
Let t = 1026 - 534. Calculate the greatest common divisor of 28 and t.
4
Let p(y) = -213*y. Let q be p(-1). Let k = -114 + q. Suppose -3*f + 7*f - 48 = 3*v, 3*f - 4*v - 43 = 0. Calculate the greatest common factor of f and k.
9
Let i(j) = -2*j**3 - 36*j**2 + 82*j + 1776. Let b be i(-18). Let m = 8 - -4. What is the greatest common factor of m and b?
12
Suppose 316*c = 319*c - 3*x - 9060, -4*c = x - 12120. Calculate the highest common divisor of 12 and c.
4
Let w be ((840/16)/(-35))/(6/(-16)). Suppose -2*p - 5*m + m = -424, 5*p = -4*m + 1084. Suppose -4*k = k - p. Calculate the highest common factor of w and k.
4
Suppose -2*k = -2, 5*k - 672 = -x + 277. What is the highest common factor of 112 and x?
16
Let b = -252 - -3580. Calculate the greatest common factor of 117 and b.
13
Suppose -b + 22 = 2*l, 3*l = 7*b - 9*b + 43. Suppose -4416 = 12*i - b*i. What is the highest common divisor of 69 and i?
69
Suppose 66*t - 52*t = -105*t + 4284. Calculate the greatest common factor of t and 12672.
36
Let f(r) = 36*r - 3023. Let u be f(84). What is the greatest common factor of u and 289?
1
Let q be (-6)/(-24) + 3 + 39/4. Let j be (q/20)/((-4)/48)*-5. Calculate the greatest common factor of j and 13.
13
Suppose -2*c - 5*j = -35 - 7, -5*c + 42 = 2*j. Suppose -4 = 2*w - 2. Let a be (-27)/(-15) + w/(-5). Calculate the highest common factor of c and a.
2
Let u be 17 + 22 + -10 + 16702. What is the highest common factor of 572 and u?
143
Let g = -1043 - -2895. What is the highest common factor of g and 12?
4
Suppose -3*c - 4*t = -11534, 2*c - 8927 = 3*t - 1249. Calculate the highest common divisor of 113 and c.
113
Suppose 41*r = 467 + 2239. What is the highest common divisor of r and 1353?
33
Suppose -2*n = -2*n + 4*g, 5*g - 3288 = -3*n. What is the highest common factor of n and 8?
8
Suppose -37 + 13 = -4*a. Let g = 286 - 574. Let r = 296 + g. What is the greatest common factor of r and a?
2
Let j be 8205/12 - (-11)/(-4). Calculate the greatest common factor of j and 7264.
227
Let l be ((-6)/4)/(6/(-192)). Let i(g) = g**2 - 63*g - 484. Let d be i(70). What is the highest common factor of l and d?
6
Let n = -3949 + 5677. What is the highest common divisor of 81 and n?
27
Let x = 172 - 85. Suppose -3*p + 201 = 5*u - x, -5*p + 443 = -4*u. Let c be 5*1*104/40. Calculate the greatest common divisor of p and c.
13
Suppose 77*b = 140873 - 39890 + 131095. What is the greatest common factor of 110 and b?
22
Let b = -19682 + 20130. What is the greatest common divisor of 392 and b?
56
Let u = 15715 + -15251. Calculate the greatest common divisor of 56 and u.
8
Let l(i) be the first derivative of -5*i**4/2 + 5*i**3/3 - 2*i**2 - 4*i + 7. Let r be l(-2). What is the greatest common factor of 208 and r?
104
Suppose -362 - 682 = 4*o. Let d = o + 489. Suppose 3 = 3*x, -q - 3*x = 2*q - d. Calculate the greatest common divisor of q and 25.
25
Let g(p) be the third derivative of p**4/8 - p**3/3 + 33*p**2. Let r be g(4). Suppose -6*h + 499 = -161. What is the greatest common factor of r and h?
10
Let o(k) = 2*k**3 - 2*k**2 - k - 1. Let d be o(-2). Let m be (-18 - -10)*((-378)/(-8))/(-7). Let q = m - d. What is the highest common divisor of q and 11?
11
Let n = 3836 - 3691. Calculate the greatest common divisor of 261 and n.
29
Let c(y) = 4*y**2 - 68*y + 140. Let g be c(21). What is the highest common factor of g and 56?
28
Let g be ((-230)/276 - (-2162)/60)/(18/45). What is the highest common divisor of 275 and g?
11
Let m be ((0 - 0)/(-2))/(-1). Suppose k + 4*v = -8 + 1, -4*v - 20 = m. Let o = -73844 + 73845. Calculate the highest common factor of o and k.
1
Suppose -l - 5*h = -3 + 18, h = -3*l - 3. Suppose s + 36*s - 259 = l. What is the highest common divisor of s and 7?
7
Suppose 1800*y + 8920 = 1808*y. Calculate the greatest common divisor of y and 15.
5
Let u = 78 + -36. Suppose 2*f + 4*x - 1248 = -2*f, 6 = -2*x. Calculate the greatest common divisor of f and u.
21
Suppose 3*i + 2*i = 175. Let s(o) = -19*o**3 + 20*o**2 - 11*o + 18. Let b be s(9). Let u be 3/24*2 + b/(-32). What is the highest common divisor of u and i?
35
Let w = 24180 - 22563. What is the greatest common divisor of w and 357?
21
Let f = -3316 + 3514. Suppose b - 5*b + 8 = 0, -q + 28 = 5*b. Calculate the greatest common factor of q and f.
18
Let k(g) = -2873*g + 37413. Let b be k(13). Let t be (24/5)/(6/20). Calculate the greatest common divisor of b and t.
16
Let q = 237 - 152. Let u be ((156/65)/1)/(6/50). Calculate the greatest common divisor of q and u.
5
Let r = -2605 - -1674. Let k = r - -1281. What is the greatest common factor of k and 10?
10
Let a(t) = -t**2 + 283*t + 3240. Let c be a(-11). What is the greatest common divisor of c and 939?
3
Suppose -t + 31 = -7*f, -10054*t + 5*f + 25 = -10053*t. Let d = 343 - -387. What is the greatest common divisor of d and t?
10
Let x be 6*3*128/24. Suppose 3*y = -12, -3*i + 2*y + x = -y. Let l be -4*((-14)/(-6)*3)/(-4). Calculate the greatest common divisor of i and l.
7
Let i = -480 + 480. Let m(x) = -x**2 - 17*x + 35. Let j be m(i). Calculate the greatest common divisor of 21 and j.
7
Let n = -928095 - -928127. Let c(h) = -12*h - 4. Let j(i) = 2*i + 5. Let g be j(-4). Let x be c(g). Calculate the highest common factor of n and x.
32
Let b = 24 - 16. Let h be (-6752)/(-56) + b/(-14). Suppose -h = 7*v - 10*v. What is the highest common divisor of v and 8?
8
Let a be ((-6)/9)/((-2)/36). Suppose -6*r - 351 + 1731 = 0. Let s = -146 + r. Calculate the greatest common factor of s and a.
12
Suppose -4*c - 431 = 5*m, -4*c + 68 = 4*m + 500. Let g = c + 249. Calculate the highest common divisor of g and 28.
28
Let d = 12 + -1080. Let i = -1051 - d. Let y(r) = 18*r**2 + 3*r. Let k be y(-3). What is the highest common divisor of i and k?
17
Let s(j) = -12*j + 117. Let m be s(9). Let z = -40 + 91. Calculate the greatest common divisor of z and m.
3
Let j(l) = l**3 - 45*l**2 + 56*l + 1307. Let z be j(43). What is the highest common factor of 799 and z?
17
Let f(q) = -11*q - 131. Let k be f(-14). Suppose -13*m + 17*m - k = -a, 0 = 4*m. Calculate the highest common divisor of 736 and a.
23
Suppose 0 = 3*u + 24 - 84. Let c be ((-80)/(-25))/(-1 + 68/60). Calculate the greatest common divisor of c and u.
4
Let s = 52 + -50. Suppose s*m + 45 = -37. Let v = m - -51. What is the greatest common divisor of 50 and v?
10
Let l(i) = i**2 + 95*i + 516. Let r be l(-101). Calculate the highest common divisor of 132 and r.
66
Let c(j) = -j**2 + 11*j + 85. Let m be c(16). Suppose -2*p + 0*h = -m*h - 15, -2*p - 3*h + 55 = 0. Calculate the highest common divisor of 5 and p.
5
Let d = 291 + -228. Let c = -2070 + 2077. Calculate the greatest common divisor of d and c.
7
Let t(k) = -53*k + 26. Let g be t(-14). Suppose 0 = -6*n - 2*n + g. What is the greatest common factor of 12 and n?
12
Let c = -6 + 42. Suppose 0 = 4*x + 4*u - c, 3*x = -0*x + u + 7. Suppose 17*w - 25*w + 8 = 0. What is the highest common factor of x and w?
1
Suppose -7*c + 3*c + 33 = -5*v, 3*c - 21 = 3*v. Suppose -5*w + c*i + 84 = -i, -i + 20 = w. What is the highest common divisor of w and 60?
6
Suppose 2*p + 923 - 1073 = 0. What is the greatest common divisor of 345 and p?
15
Suppose 3*l - 5*f - 140536 = -10*f, -3*f = 3*l - 140544. Calculate the highest comm